u = -6*b + 101, 4*b = 5*u + 77. What is the units digit of b?
3
What is the tens digit of (226/7)/(51/357)?
2
Let g be (0/(-1 - 3))/(-2). Suppose -2*h = 3*y + 5, -y - 2*y - 9 = g. Suppose h*c + 5*c = 49. What is the units digit of c?
7
Let j(b) be the third derivative of b**6/360 + b**4/8 + b**3/6 + 6*b**2. Let s(l) be the first derivative of j(l). What is the tens digit of s(4)?
1
Let c(q) = 3*q**2 + 73*q - 312. What is the thousands digit of c(-39)?
1
Let l = -38 + 36. What is the tens digit of (-39)/l*16/12?
2
Let k be 12/(-6) + (-280)/((-12)/3). Let o = k - -18. What is the tens digit of o?
8
Let c(s) = -s + 3. Let j be c(-3). What is the tens digit of 5 - -64 - 3/j*-2?
7
Let q = -178 + 229. What is the tens digit of q?
5
Suppose 57 = -2*a - 5*o, 9*o + 99 = -4*a + 4*o. Suppose g = 2*g + 34. Let r = a - g. What is the units digit of r?
3
Let n = 3 + -49. Let m = n + 83. What is the tens digit of m?
3
Let d be (-56)/16*8/(-14). Suppose -5*s - d*o = -90, -62 = -4*s + 3*o + 10. What is the tens digit of s?
1
Let n(i) = -6*i**2 - 10 + i**2 + 3*i**2 + 12*i + i**2. Let g be n(10). Suppose b - g = 12. What is the units digit of b?
2
Suppose -14*n + 4*n + 120 = 0. Suppose -2*i = i + 27. What is the units digit of 165/n - i/(-12)?
3
Let p = -1538 + 3258. What is the thousands digit of p?
1
Let v = 302 + -205. Suppose -5*f - 53 = v. Let n = f + 50. What is the units digit of n?
0
Let x = -20 + 23. Suppose k - 8 = -2*r + 3*k, -4*r - 4*k = 24. What is the units digit of x + -3 + 3 + r?
2
What is the units digit of 2/(14/493) - 228/(-399)?
1
Let p be 2/8 - 299/(-52). Suppose 0 = -7*u + p*u - 2. What is the units digit of u/3 - (-107)/3?
5
Let x = -12 - -15. Suppose 4*q = 5 + x. What is the units digit of (-11)/(-2) + 1/q?
6
Suppose 4 = -0*z + 2*z. Let w = 41 - z. What is the units digit of w?
9
Let j(z) = -z**3 + 12*z**2 - 12*z + 14. Let k be j(10). Let y = k + 47. What is the tens digit of y?
4
Let d be (14/(-35))/(1/25). Let f be 6/10 - d/25. Suppose f = v - 6. What is the units digit of v?
7
Suppose 0 = -15*t + 13*t - a + 2090, -t - 5*a + 1036 = 0. What is the hundreds digit of t?
0
What is the hundreds digit of 504/(-7 + 5 - -3)?
5
Let p(j) = -j**2 + 17*j - 11. Let q(n) = -n**2 + 16*n - 12. Let s(w) = -2*p(w) + 3*q(w). What is the tens digit of s(9)?
3
Let b be ((-2)/(-4))/(1/12). Let d = b - 23. Let j = d - -26. What is the units digit of j?
9
Let m(o) = o**3 + 32*o**2 - 6*o + 56. What is the thousands digit of m(-29)?
2
Suppose 7*u - 87 = 4*u. Let a = u + -3. What is the tens digit of a?
2
Let o = 191 + -127. Suppose -2*g = -2*v + o, 2*v - 71 = 4*g - 15. What is the units digit of (-3)/(68/v - 2)?
7
Suppose 12*v - 208 = 8*v. Let z = 72 - v. What is the units digit of z?
0
Let n be (-8)/24 - 7/(-3). Suppose -n*t = -2*w + 142, -67 + 11 = -w - 4*t. What is the units digit of w?
8
Let g be 7/(-35) - 26/(-5). What is the units digit of ((3852/10)/(-9))/((-2)/g)?
7
Let l = -1285 - -1952. What is the hundreds digit of l?
6
Let a be (-5)/(-20)*0 - -59. Let d = 69 - a. What is the tens digit of d?
1
Suppose -17 + 65 = 8*z. Suppose 15*j = z*j + 1368. What is the tens digit of j?
5
Let i(j) = 11*j + 2 - 13*j**2 + 9*j**3 + j - 8*j**3. Let w be i(12). Suppose -3*r = w*r - 100. What is the tens digit of r?
2
Let o(b) = 26*b**2 - b - 11. Suppose 18*i = -11 - 43. What is the units digit of o(i)?
6
Let d = 24 + 21. Let k(a) = a**2 + a - 1. Let l be k(-3). Suppose -2*s = -12 + 4, b + l*s - d = 0. What is the tens digit of b?
2
Suppose 83 - 267 = -8*g. Let f = 57 - g. What is the units digit of f?
4
Let c be ((-48)/(-56))/((-1)/(-7)). What is the tens digit of ((-945)/c)/(-9)*2?
3
Let z(b) = -b**3 - 3*b**2 - 3*b + 1. Let p be z(-3). Let a = p + 6. Suppose -21*c = -a*c - 20. What is the units digit of c?
4
Let f = 1613 - 1118. What is the tens digit of f?
9
What is the units digit of ((-1)/(3/(-432)))/(20/50)?
0
Let j be (-2)/(-3)*(-285)/10. Let l = j - -25. Let k = l + -3. What is the units digit of k?
3
Let j(b) be the third derivative of b**6/120 + 4*b**5/15 - b**4/6 - 3*b**3 + 36*b**2. What is the units digit of j(-16)?
6
Let w be (-10)/(-2)*(2 - (-324)/(-15)). Let u = w + 210. What is the tens digit of u?
1
Let k = -35 - -38. Suppose -4*p = -n - 0*n - 358, 456 = 5*p + k*n. What is the tens digit of p?
9
Let j(q) = -95*q + 79. What is the tens digit of j(-9)?
3
What is the hundreds digit of -19 + 19 + (393 - 2)?
3
Suppose 0 = 5*j - 4*t - 3987, -j + 17*t = 20*t - 805. What is the tens digit of j?
9
Let o(w) = w**2 - 14*w - 10. Suppose 3*x + 4*l = -x + 260, 4*x - 257 = -3*l. Suppose x = 4*u + 2. What is the units digit of o(u)?
5
Suppose -7*j = -2*j + 2845. Let u = -393 - j. What is the hundreds digit of u?
1
Let c(y) = y**2 - 2*y - 6. Let k be c(5). Let d(q) = 9*q - 6. What is the tens digit of d(k)?
7
Let d = 17 + -8. Suppose 0 = m + 2*q - d, -2*q = 6*m - m - 77. What is the tens digit of m?
1
Let c(k) = -176*k + 115. What is the tens digit of c(-23)?
6
Let b be (-4 + 3 - 2) + 1 - 1. Let t(z) = 2*z - 6. Let r be t(5). What is the tens digit of (r/4)/(b/(-96))?
3
Let r(j) = j + 1. Let z(d) = -d**3 + 3*d**2 - d - 4. Let f(c) = 3*r(c) + z(c). Let l(y) = y - 2. Let n be l(0). What is the units digit of f(n)?
5
Suppose -5*t = 1 - 61. Let b = -17 + 35. Let w = b - t. What is the units digit of w?
6
Let u = 17 - 35. What is the units digit of (-1084)/u + (-18)/81?
0
Suppose 3*n + 3*w = 5*w + 65, -2*n + 2*w = -42. Suppose -2*x + n = 2*p + 3*x, p + 2*x = 10. Suppose 3*g = p*g - 61. What is the units digit of g?
1
What is the hundreds digit of 1748/7 - 2/(-7)?
2
Suppose -5*i + 4*d + 2100 = -2523, -2*i - 3*d + 1840 = 0. What is the units digit of i?
3
Let z(k) = 15*k**2 + 3*k - 17. What is the tens digit of z(5)?
7
Let x be 5/(2*(-2)/(-4)). Suppose 45 = -x*q - 60. Let l = 29 + q. What is the units digit of l?
8
What is the units digit of 503*(2 - (-42)/7)?
4
Suppose r - 10 = -2*h, -4*r = -0*h - h - 4. Suppose 3*y + 3*f = 4*y - 43, -4*f - 80 = -r*y. What is the units digit of 174/y - 8/68?
5
Let s = 44 - 39. Suppose -4*z - 11 = -s*z. Let i = z + 55. What is the tens digit of i?
6
Let w(a) = -84*a - 82. What is the hundreds digit of w(-6)?
4
What is the thousands digit of ((-13)/52 - 21/12)*-933?
1
Suppose -14 = u - 2*n, -u - n - 5 + 0 = 0. Let s(t) = t**2 + 5*t + 6. Let a be s(u). What is the units digit of ((-4)/5)/((-12)/a)?
2
Suppose -3*r + 2415 = -40*g + 42*g, -4*r - 6003 = -5*g. What is the hundreds digit of g?
2
Let k be (0/(-2))/(3/(-1)). Let g be (-1)/(k + 1/(-19)). Suppose 7 = -n + g. What is the units digit of n?
2
Let g = -19 + 22. Let p(v) = 2*v**3 + 4*v - 3. What is the units digit of p(g)?
3
Let u(n) = n**3 + 6*n**2 - 11*n - 16. Let x be (133/57)/((-2)/6). What is the units digit of u(x)?
2
Let a(d) = -2*d + 21*d**2 - 4*d - 14*d**2 - 5*d - 22. What is the hundreds digit of a(-5)?
2
Suppose 3*b - 2*b + 3*w = -2, -10 = -2*b + w. Suppose -5*v = -a + b, -4*a + 20 = a - 3*v. What is the units digit of (a/5 + 1)*15?
7
Suppose k - 6*k = -3400. Suppose -41*u + 36*u = -k. What is the hundreds digit of u?
1
Let z = -127 + 40. Let w = 13 - z. What is the tens digit of w?
0
Suppose 3*x - s - 5552 = -1717, x = 4*s + 1293. What is the thousands digit of x?
1
Let u(t) = -17*t**3 - t**2 + t - 3. Let m(b) = b. Let g(j) = -5*m(j) + u(j). What is the tens digit of g(-1)?
1
Let p(k) = 5*k**3 + 5*k**2 - 8*k + 72. Let j = -15 + 28. Let q(g) = -11*g**3 - 11*g**2 + 17*g - 143. Let y(z) = j*p(z) + 6*q(z). What is the tens digit of y(0)?
7
Suppose -h + 12*k = 7*k - 78, -3*k = -3*h + 270. What is the tens digit of h?
9
Suppose 0 = -15*a + 13270 - 3385. Suppose 3*d + a = 7*b - 2*b, 5*d + 535 = 4*b. What is the tens digit of b?
3
Let s = 26 + -28. Let l be 38*((-2)/s + 1). What is the units digit of ((-27)/18)/((-3)/l)?
8
Suppose 2*p - 1141 + 153 = 5*g, -p + 487 = g. What is the hundreds digit of p?
4
Suppose -b + 25 - 11 = 0. Suppose a + 1 = 4*h - 4, b = h + 4*a. Suppose m - h = -m. What is the units digit of m?
1
Let i be (66/3 - -1) + 4. What is the units digit of (16/(-3))/((-3)/i)?
8
Let f(x) = 0 + 38*x + 37*x - 65*x - 1. What is the tens digit of f(3)?
2
Let q(o) = 1 - 9 + 15 + 8*o + 30. What is the tens digit of q(6)?
8
Let p = 58 + -81. What is the units digit of p/((-2 - -3) 